hat is the highest common divisor of m and 24?
8
Suppose -4*n - 118 = -3*s, -3*s - 95 = 3*n - 2*s. Let q = n + 103. What is the greatest common divisor of 8 and q?
8
Suppose 73 = 3*x - 5*g - 1431, 0 = -4*x - 4*g + 1984. Let z = x + -289. What is the highest common factor of z and 19?
19
Let u be 0 - (-3 + 4) - -1. Let j be -3 - u - (-8)/2. Let x be 1/(j + 62/(-64)). Calculate the greatest common divisor of x and 48.
16
Suppose 0 = -i - 5*d + 3, 5*i - 4*i = -4*d + 4. Suppose 4*s + 4*u = 7*u + 1, 5*s - i = -3*u. Calculate the greatest common divisor of 5 and s.
1
Suppose -2*g + 12*y - 17*y = -83, -6 = 2*y. Suppose -4 + 1 = u, -5*u = -z + 22. What is the highest common factor of g and z?
7
Let l be 1 + 29 + (-1 - -1). Let p(m) = 2*m + 2. Let j be p(3). Suppose 2*z - 4 = j. What is the highest common divisor of z and l?
6
Let d = -96 + 145. Calculate the highest common divisor of d and 7.
7
Suppose 2*u = -u - 45. Let t be (1 + -11)/(2/u). What is the greatest common divisor of t and 30?
15
Suppose 4*g - f + 2 = -3*f, -4*f + 20 = 0. Let c be 9/3 + 10 - g. What is the greatest common divisor of 32 and c?
16
Let s be ((-597)/2)/((-1)/(-2)). Let z be 14/(-49) - s/7. What is the highest common divisor of z and 34?
17
Let t(w) = w**2 + 13*w - 21. Let v be t(-16). Calculate the greatest common divisor of v and 54.
27
Let d = -54 + 104. Let k(h) = -h + 17. Let v be k(7). What is the highest common divisor of v and d?
10
Suppose 0*r = -3*r + 465. Let a = r - 92. Calculate the highest common factor of a and 9.
9
Let t(m) = m**3 - 2*m + 7. Let r be t(0). What is the highest common divisor of r and 21?
7
Suppose 2*b + 0*b - 40 = 0. Let w be 1 + (-300)/(-2 - -4). Let k be (-3)/(-9) - w/3. Calculate the highest common factor of b and k.
10
Let w = 134 - 71. Suppose 3*d - a = w, 0 = 5*d - 5*a - 28 - 87. Suppose i + 1 - 6 = 0. What is the greatest common divisor of d and i?
5
Let c = -88 - -142. Let u = 3 - 3. Suppose u*z = -3*z + c. Calculate the highest common divisor of 54 and z.
18
Suppose 0 = p - 8 - 1. Let c be -24*p*(-4)/16. What is the greatest common factor of 81 and c?
27
Let p be (-140)/(-7) + (-1)/(2/8). What is the highest common divisor of 16 and p?
16
Let f be (-1 - (-34)/4)*12. Let l = 9 + -17. Let c be l/28 + (-72)/(-7). What is the greatest common factor of f and c?
10
Suppose 4*p - p = 4*r - 151, 5*r + p - 165 = 0. Calculate the greatest common factor of r and 17.
17
Suppose 2*r - 7 = -j, -2*r - 3*r = 2*j - 16. Let n be (-64)/(1/(j/(-2))). What is the greatest common factor of 12 and n?
12
Suppose 11*y - 168 = 3*y. What is the highest common factor of 21 and y?
21
Let z(o) = -o**2 - 23*o - 28. Let t be z(-16). What is the greatest common divisor of t and 28?
28
Let m(x) = -x**2 + 32. Let c be m(0). Calculate the highest common factor of 4 and c.
4
Suppose 8 = i + r, 1 = 2*i - 4*r + 3*r. Calculate the highest common factor of 15 and i.
3
Suppose -2*w - 26 = -5*w + k, -3*k + 42 = 3*w. Calculate the highest common factor of 5 and w.
5
Suppose 4*n - 8 = 0, z + 6*n = 2*n + 12. Let g be 0 + (-1)/(-1)*-4. Let f be (-1)/2*(2 + g). Calculate the highest common divisor of z and f.
1
Suppose 4*y - 3*o - 115 = 0, 0 + 2 = -2*o. Calculate the greatest common divisor of 7 and y.
7
Suppose -4*c - 10 = 10. Let j be (-1 + c)*(-24)/9. What is the highest common factor of 160 and j?
16
Suppose 5*w + 0*i = -5*i + 105, -4*w = 2*i - 74. Calculate the highest common divisor of w and 40.
8
Suppose -13 = 5*z + 47. Let g be (6 - z/(-4)) + 7. Let k(n) = 6*n**3 - 2*n**2 + 2*n - 1. Let t be k(1). Calculate the greatest common factor of g and t.
5
Let n = 288 - 88. Calculate the greatest common divisor of 25 and n.
25
Let v(h) = -2*h + 11. Let c be v(-8). Calculate the highest common divisor of 3 and c.
3
Let x be (15/10 - 5)*(-3 + 1). What is the highest common divisor of x and 154?
7
Let x be ((-12)/(-7))/(10/315). What is the greatest common factor of x and 6?
6
Let t(o) = -o**2 + 8*o + 3. Let j be t(4). Suppose -3*i - 5 = j. Let h(d) = d**2 + 6*d + 9. Let q be h(i). What is the highest common factor of q and 5?
5
Let m = -29 - -40. Let f = 96 - m. Suppose 3*d - 3*c + c = 47, -5*d + 4*c + 77 = 0. Calculate the greatest common divisor of f and d.
17
Suppose -5*y = -4*y - 7. Suppose 25 - y = 3*b. Suppose j = b*j - 125. Calculate the highest common divisor of 5 and j.
5
Let p(m) = -10*m - 10. Suppose -3*y = y + 32. Let a be p(y). What is the greatest common factor of a and 7?
7
Let i(m) = -16*m. Let y be i(-2). What is the greatest common divisor of y and 288?
32
Let h = 25 - 54. Suppose 0 = -v - j + 46, -3*v + 5*j = -v - 99. Let w = h + v. What is the greatest common divisor of w and 198?
18
Suppose 0*f + 207 = 9*f. Calculate the highest common divisor of f and 184.
23
Let v be ((-52)/16)/((-2)/8). Calculate the greatest common divisor of v and 169.
13
Let f = 18 - 12. Let x(g) = 3*g**2 - 8*g - 4. Let n be x(f). What is the highest common factor of n and 7?
7
Let x(y) = -y**2 - y + 2. Let s be x(0). Suppose -s*r + 10 = -r. Calculate the highest common factor of r and 70.
10
Let d be 1*91 + 2/(-2). Let p = -92 + 107. Calculate the greatest common divisor of p and d.
15
Suppose 110 = 5*q - 5*j, 4*j + 2 = 2*q - 38. Let b = 29 + -5. What is the highest common divisor of q and b?
24
Let b(s) = 14*s**2 + 6*s - 8. Let w be b(4). What is the greatest common factor of 30 and w?
30
Let q = -211 - -358. Calculate the highest common divisor of 21 and q.
21
Suppose -5*w + 4*t = -43, -2*w + t + 37 = 3*w. Suppose 2*s - w = 5. What is the highest common divisor of s and 6?
6
Suppose y + 3*c = 96, 5*c = -4*y + 307 + 63. Let u be 4*-2*(-3)/12. Suppose -3 = u*b - 23. What is the greatest common factor of y and b?
10
Let b(k) = -7*k + 4 + 0 - 3*k - 5. Let x be b(-1). What is the highest common factor of x and 36?
9
Suppose 5*d + 4*a = -7, -4*a + 2 = 3*d + 11. Let c be (d*-1)/((-2)/54). Calculate the greatest common factor of 3 and c.
3
Let h be -14*(-1 + (-3)/(-2)). Let a = h + 10. What is the highest common divisor of a and 21?
3
Let p(l) = l**2 - 6*l - 7. Let h be p(7). Suppose -3*c - 5 = -4*i - h*i, -2*c = -i. Suppose i*j + 3 = 29. What is the greatest common factor of j and 52?
13
Let f = 43 - 71. Let b be f/(-3) - 2/6. Let h be (-1 + b)/(4/12). What is the highest common factor of h and 16?
8
Let c = -27 - -17. Let r = 22 + c. Let u be 4/(-3*(-2)/r). What is the highest common factor of u and 64?
8
Suppose -6 = -4*m + 10. Suppose -5*w = 2*o - 29, -o + m*o - 31 = 5*w. Calculate the highest common divisor of 84 and o.
12
Suppose s - 4*s + 18 = 0. Suppose -2*l = -s*l + 28. What is the greatest common divisor of 7 and l?
7
Let i be (-12)/(2/8 + 3/(-6)). What is the highest common factor of i and 72?
24
Let u(l) = l**3 - l + 4. Let o be u(0). Suppose o*k - 107 = 5*d, -2*k + 3*d = -0*k - 51. Calculate the greatest common divisor of k and 3.
3
Suppose 0 = r + 3 - 4. Let y be (-1 - -2)*(0 + r). Let x(g) = g**2 - 15*g + 51. Let j be x(5). Calculate the greatest common factor of y and j.
1
Let k(s) = 3*s + 3. Let c be k(2). What is the highest common factor of 72 and c?
9
Suppose 3*a = -5*a + 88. Calculate the highest common factor of 2 and a.
1
Suppose -5*w - 48 = -3*h - 0*h, 15 = 5*w. What is the highest common factor of 7 and h?
7
Let k = -16 + 30. Calculate the highest common factor of k and 56.
14
Suppose 0 = -2*l + 40 - 18. Let g = 129 + -30. Calculate the highest common factor of l and g.
11
Let b be (-22)/99 + 515/9. Calculate the highest common divisor of 38 and b.
19
Let d(o) = -2 - o + 0*o - 3*o. Let y be d(4). Let v be (-4)/y - (-932)/18. What is the greatest common divisor of v and 13?
13
Let k = -80 + 85. Calculate the highest common factor of k and 170.
5
Suppose 2*t = -2*t + 4*f + 36, -4*t = 5*f. Suppose 2*x + 15 = 7*x. Let h(p) = p**2 - 2*p - 2. Let r be h(x). Calculate the highest common divisor of t and r.
1
Let n(z) = -z - 3. Let s be n(-5). Suppose 0 = -s*l + 3 + 3. Suppose 4*a - 81 = -3*k, 3*k + l*a - 22 - 59 = 0. Calculate the highest common factor of k and 3.
3
Suppose -3*o - o = -8. What is the highest common factor of 2 and o?
2
Let n = 4 + -3. Let u be n/((21/(-18))/7). Let m(g) = 2*g**2 + 9*g + 4. Let q be m(u). Calculate the highest common divisor of 2 and q.
2
Let